t of 455785899?
5
What is the thousands digit of 53779469?
9
What is the ten millions digit of 1243503289?
4
What is the billions digit of 1017140752?
1
What is the ten thousands digit of 285201299?
0
What is the hundred thousands digit of 87501856?
5
What is the ten thousands digit of 15163135?
6
What is the hundreds digit of 3439917911?
9
What is the units digit of 2621910735?
5
What is the hundred thousands digit of 49420758?
4
What is the billions digit of 3643611080?
3
What is the ten thousands digit of 8259960754?
6
What is the hundreds digit of 194192139?
1
What is the millions digit of 3558254101?
8
What is the billions digit of 1633543655?
1
What is the hundreds digit of 5108352950?
9
What is the millions digit of 19649641?
9
What is the ten millions digit of 339152506?
3
What is the millions digit of 570181105?
0
What is the ten millions digit of 721758916?
2
What is the millions digit of 104026957?
4
What is the millions digit of 58333025?
8
What is the hundreds digit of 941741262?
2
What is the ten thousands digit of 419399997?
9
What is the tens digit of 3419227?
2
What is the hundred millions digit of 2504265441?
5
What is the units digit of 33550562?
2
What is the millions digit of 35695545?
5
What is the thousands digit of 1555793788?
3
What is the millions digit of 58478893?
8
What is the thousands digit of 34336279?
6
What is the tens digit of 9884962?
6
What is the thousands digit of 7220755?
0
What is the tens digit of 18124839?
3
What is the units digit of 90995550?
0
What is the units digit of 199829767?
7
What is the ten millions digit of 26089502?
2
What is the hundred millions digit of 1272308375?
2
What is the tens digit of 680346265?
6
What is the ten millions digit of 3020748340?
2
What is the units digit of 61230562?
2
What is the hundred thousands digit of 2682498709?
4
What is the millions digit of 515580820?
5
What is the thousands digit of 2818461166?
1
What is the ten millions digit of 36143108?
3
What is the thousands digit of 943545898?
5
What is the ten millions digit of 817592199?
1
What is the units digit of 491690543?
3
What is the hundreds digit of 214433418?
4
What is the millions digit of 2543599210?
3
What is the hundred millions digit of 470715414?
4
What is the millions digit of 406422554?
6
What is the tens digit of 81388446?
4
What is the ten millions digit of 429760438?
2
What is the thousands digit of 144149719?
9
What is the hundreds digit of 89357950?
9
What is the hundred thousands digit of 268315900?
3
What is the tens digit of 250952959?
5
What is the tens digit of 17240891?
9
What is the ten millions digit of 357994442?
5
What is the thousands digit of 1807303632?
3
What is the hundred millions digit of 209436909?
2
What is the hundred thousands digit of 4680099598?
0
What is the hundred thousands digit of 47676363?
6
What is the hundreds digit of 464066656?
6
What is the millions digit of 18448194?
8
What is the billions digit of 1870387881?
1
What is the tens digit of 2732834119?
1
What is the tens digit of 88767447?
4
What is the ten thousands digit of 2003461679?
6
What is the units digit of 192628747?
7
What is the units digit of 50253855?
5
What is the ten millions digit of 143516823?
4
What is the hundreds digit of 1629988298?
2
What is the thousands digit of 3398297412?
7
What is the hundreds digit of 6022439647?
6
What is the hundreds digit of 404448?
4
What is the ten millions digit of 2449212383?
4
What is the thousands digit of 2722780986?
0
What is the millions digit of 64007909?
4
What is the hundred thousands digit of 6582997783?
9
What is the ten thousands digit of 5158521862?
2
What is the hundred thousands digit of 4072288?
0
What is the thousands digit of 1612874286?
4
What is the thousands digit of 51094041?
4
What is the ten thousands digit of 359810143?
1
What is the millions digit of 330339546?
0
What is the ten thousands digit of 34551873?
5
What is the millions digit of 30055783?
0
What is the tens digit of 351540683?
8
What is the tens digit of 2251046062?
6
What is the tens digit of 94635449?
4
What is the units digit of 102799796?
6
What is the tens digit of 51313773?
7
What is the ten millions digit of 40786472?
4
What is the thousands digit of 522580106?
0
What is the millions digit of 5320243634?
0
What is the millions digit of 40765725?
0
What is the billions digit of 1644911263?
1
What is the ten millions digit of 79325662?
7
What is the ten thousands digit of 29389194?
8
What is the billions digit of 1249372525?
1
What is the billions digit of 1133766023?
1
What is the units digit of 31777407?
7
What is the hundred millions digit of 843168638?
8
What is the units digit of 2312655113?
3
What is the ten millions digit of 54285355?
5
What is the hundred thousands digit of 341160012?
1
What is the ten millions digit of 149263647?
4
What is the hundred thousands digit of 3338091488?
0
What is the ten thousands digit of 19326128?
2
What is the tens digit of 4889840498?
9
What is the millions digit of 324215862?
4
What is the hundred millions digit of 267204980?
2
What is the ten millions digit of 369111373?
6
What is the tens digit of 384133421?
2
What is the thousands digit of 2854761840?
1
What is the thousands digit of 14585057?
5
What is the thousands digit of 969212183?
2
What is the ten thousands digit of 149979700?
7
What is the hundred thousands digit of 93514270?
5
What is the thousands digit of 327762407?
2
What is the thousands digit of 1047841?
7
What is the hundred thousands digit of 45381600?
3
What is the ten millions digit of 19818665?
1
What is the ten thousands digit of 327233856?
3
What is the millions digit of 1229560407?
9
What is the ten millions digit of 815175861?
1
What is the millions digit of 52741416?
2
What is the ten thousands digit of 200903027?
0
What is the thousands digit of 174374747?
4
What is the billions digit of 1230769014?
1
What is the ten millions digit of 178901721?
7
What is the millions digit of 241255737?
1
What is the hundred thousands digit of 345517567?
5
What is the hundred millions digit of 1728581332?
7
What is the units digit of 76099436?
6
What is the hundred thousands digit of 955882915?
8
What is the hundred thousands digit of 20112426?
1
What is the ten thousands digit of 768273071?
7
What is the thousands digit of 53530751?
0
What is the hundred thousands digit of 31836210?
8
What is the millions digit of 25841750?
5
What is the millions digit of 112610397?
2
What is the hundred millions digit of 268963893?
2
What is the tens digit of 471717678?
7
What is the hundreds digit of 237360243?
2
What is the tens digit of 62127959?
5
What is the hundred millions digit of 433061859?
4
What is the ten millions digit of 355183863?
5
What is the thousands digit of 2075982867?
2
What is the thousands digit of 187037922?
7
What is the ten thousands digit of 545829151?
2
What is the units digit of 934395415?
5
What is the ten thousands digit of 69350170?
5
What is the thousands digit of 3031333370?
3
What is the tens digit of 49863807?
0
What is the thousands digit of 408605164?
5
What is the thousands digit of 453638966?
8
What is the tens digit of 1539491367?
6
What is the tens digit of 9992195?
9
What is the tens digit of 128963148?
4
What is the hundreds digit of 256905014?
0
What is the hundreds digit of 68356910?
9
What is the thousands digit of 549799744?
9
What is the millions digit of 1614550166?
4
What is the units digit of 42316840?
0
What is the thousands digit of 2753051031?
1
What is the millions digit of 57250183?
7
What is the ten thousands digit of 70149026?
4
What is the hundred millions digit of 2886740316?
8
What is the ten millions digit of 164274476?
6
What is the hundreds digit of 295656528?
5
What is the hundred thousands digit of 35541869?
5
What is the ten thousands digit of 265451149?
5
What is the hundreds digit of 1064968819?
8
What is the millions digit of 12601099?
2
What is the hundreds digit of 22281575?
5
What is the millions digit of 795614739?
5
What is the tens digit of 5152456541?
4
What is the hundreds digit of 5889824590?
5
What is the millions digit of 2750856296?
0
What is the hundred thousands digit of 3429551230?
5
What is the tens digit of 136385620?
2
What is the ten 